?
False
Is 1177460789 a prime number?
True
Is 10272107 prime?
False
Is 233138057 prime?
True
Is 44930846941 composite?
False
Is 1924270693 composite?
True
Is 147301046 a composite number?
True
Is 81415649759 prime?
False
Is 364762315 composite?
True
Is 6839197199 a composite number?
False
Is 404602589 a composite number?
True
Is 78049819 a prime number?
True
Is 3332882711 a prime number?
True
Is 87453248947 composite?
False
Is 1580148051 composite?
True
Is 209376187 a prime number?
True
Is 1350127127 a composite number?
False
Is 44946225097 a composite number?
True
Is 1406630347 composite?
True
Is 28026305831 prime?
False
Is 102094831 prime?
True
Is 4344041323 a composite number?
True
Is 12127931111 composite?
True
Is 157608487 a prime number?
True
Is 8633934011 a composite number?
False
Is 20827326553 a composite number?
True
Is 5022017857 a composite number?
False
Is 94963039969 a composite number?
True
Is 44184121001 a prime number?
False
Is 732031961 prime?
True
Is 106180380583 composite?
True
Is 3642726817 composite?
False
Is 31385353 a prime number?
True
Is 53571214093 prime?
True
Is 241535200127 composite?
True
Is 18100039031 composite?
False
Is 86636281949 a prime number?
False
Is 39412297513 prime?
True
Is 3233382359 composite?
True
Is 736255673251 prime?
False
Is 5009261399 composite?
False
Is 4643533801 composite?
False
Is 3487275643 a composite number?
False
Is 19121886623 a composite number?
True
Is 90141698489 composite?
False
Is 16385583317 a composite number?
True
Is 13792296185 prime?
False
Is 120572321 a composite number?
True
Is 10098838193 composite?
False
Is 270893866 a composite number?
True
Is 90981883 prime?
True
Is 183134531 prime?
True
Is 2942416327 a prime number?
False
Is 5563940969 a composite number?
True
Is 86215853 composite?
False
Is 1845601837 prime?
True
Is 2184405721 a prime number?
True
Is 8393796173 a prime number?
False
Is 1009031899 composite?
False
Is 7258693103 a composite number?
False
Is 72871708307 a composite number?
True
Is 47933300843 composite?
False
Is 480348607 a prime number?
False
Is 1941214031 a prime number?
False
Is 8296682131 a prime number?
True
Is 522118013 a prime number?
False
Is 2745293513 a prime number?
True
Is 65304508811 a prime number?
True
Is 16597308181 prime?
False
Is 194849871 a composite number?
True
Is 689835305 composite?
True
Is 1668716117 a composite number?
False
Is 3909138483 prime?
False
Is 249275729 a prime number?
True
Is 19388036377 prime?
True
Is 10060090297 prime?
True
Is 205199021 composite?
False
Is 1532932357 a composite number?
True
Is 290654222 a prime number?
False
Is 12554170237 composite?
True
Is 26394566557 a composite number?
True
Is 38321751569 a composite number?
False
Is 149656373 a composite number?
False
Is 929899697 a prime number?
True
Is 8137543 a composite number?
True
Is 9483454337 a prime number?
False
Is 153063078437 composite?
False
Is 41927230537 a composite number?
True
Is 108518359 prime?
False
Is 7779505879 composite?
False
Is 640781069 a prime number?
True
Is 6680932129 composite?
True
Is 82079431709 a prime number?
False
Is 32276713731 a prime number?
False
Is 4117074077 a prime number?
True
Is 1525630291 prime?
True
Is 63907842041 a prime number?
True
Is 4330571837 a prime number?
True
Is 7993948799 a prime number?
False
Is 2436460289 prime?
True
Is 6863314526 a composite number?
True
Is 66683417707 a composite number?
False
Is 3174553489 a composite number?
False
Is 3390104149 a composite number?
False
Is 4934410087 composite?
True
Is 683030867 a prime number?
False
Is 350203965173 prime?
True
Is 1075672567 composite?
False
Is 743419757 prime?
False
Is 91708918193 prime?
False
Is 10312667023 composite?
True
Is 19471026173 prime?
True
Is 982229243 prime?
True
Is 393576019 composite?
True
Is 267936325927 a prime number?
True
Is 5210298493 a composite number?
False
Is 291771086 a prime number?
False
Is 68805101 a prime number?
True
Is 2222762699 prime?
False
Is 11690007419 prime?
True
Is 20726202297 composite?
True
Is 105388991861 a prime number?
True
Is 3319781209 a prime number?
False
Is 24434785079 composite?
False
Is 20480566523 prime?
True
Is 1882525967 a prime number?
False
Is 7292346157 prime?
True
Is 502506817 a composite number?
True
Is 234331823 prime?
False
Is 3750362873 a prime number?
True
Is 773698229 prime?
True
Is 562409033 a prime number?
True
Is 539376961 a prime number?
False
Is 21408361603 a prime number?
False
Is 98282711047 composite?
False
Is 65237220227 composite?
False
Is 854065963 a prime number?
True
Is 350341169 a composite number?
True
Is 17778235 prime?
False
Is 6700221131 a composite number?
False
Is 140459173 a composite number?
True
Is 115240840413 composite?
True
Is 786614989 a composite number?
False
Is 5178787277 a prime number?
True
Is 6579696037 a prime number?
False
Is 178394074483 a prime number?
True
Is 365329698869 prime?
True
Is 1837185967 a composite number?
False
Is 2366045951 prime?
True
Is 193278097 a prime number?
True
Is 1360431131 a prime number?
True
Is 795568047 prime?
False
Is 236327759 prime?
False
Is 15137860289 prime?
True
Is 19564114841 a composite number?
True
Is 4046669447 prime?
True
Is 1977916049 composite?
False
Is 380733623 a prime number?
True
Is 11601489077 a composite number?
False
Is 3163322203 prime?
True
Is 27138908255 prime?
False
Is 1906148401 composite?
False
Is 56881982 prime?
False
Is 19403084177 a prime number?
True
Is 34603611989 composite?
False
Is 9539029589 a prime number?
False
Is 86623429 composite?
True
Is 1639559111 a composite number?
False
Is 8439941123 a prime number?
True
Is 176688173 a prime number?
True
Is 6072905831 a prime number?
False
Is 34076414627 a composite number?
True
Is 54564943 a prime number?
True
Is 2174199523 composite?
False
Is 656872635421 a composite number?
False
Is 38672797 prime?
True
Is 122872903 a composite number?
True
Is 9495249221 composite?
True
Is 11397951853 composite?
True
Is 1104669757 prime?
True
Is 788169413 a prime number?
False
Is 113879677 a prime number?
True
Is 1496119481 prime?
False
Is 964832399 prime?
False
Is 110694887 composite?
False
Is 6096587509 a composite number?
True
Is 519705541 composite?
True
Is 101664109 a composite number?
True
Is 3615233263 composite?
False
Is 17744181373 prime?
True
Is 11025761581 composite?
False
Is 501074749 composite?
True
Is 1525308413 composite?
True
Is 58812278089 a composite number?
False
Is 450188498 prime?
False
Is 645671339 composite?
True
Is 235174271 a composite number?
False
Is 90930390433 composite?
True
Is 3105161009 a prime number?
True
Is 174036669 prime?
False
Is 891737879 a composite number?
True
Is 24333409993 a prime number?
False
Is 464900143 composite?
True
Is 623882351 a composite number?
True
Is 8337132257 a prime number?
False
Is 812043913 prime?
False
Is 2466667741 composite?
False
Is 10121423047 a composite number?
False
Is 38164452173 a composite number?
True
Is 566459281 a composite number?
False
Is 880304119 prime?
False
Is 8317406371 composite?
True
Is 6864572479 composite?
True
Is 196224863 composite?
True
Is 60479075211 a prime number?
False
Is 33823211 a composite number?
True
Is 1412385514 a composite number?
True
Is 138175631819 a prime number?
True
Is 35430009 a composite number?
True
Is 16435703201 composite?
True
Is 41120731313 a prime number?
False
Is 10021187035 prime?
False
Is 35983578349 a prime number?
True
Is 17968895159 prime?
True
Is 45490622273 a prime number?
True
Is 11516147653 a composite number?
False
Is 950608751 a composite number?
True
Is 1498903037 a composite number?
False
Is 98141034143 a prime number?
True
Is 19882029407 a prime number?
True
Is 56164441 composite?
False
Is 26594707 composite?
False
Is 1098888451 a composite number?
False
Is 2839541261 composite?
True
Is 455491137 a composite number?
True
Is 11217607343 composite?
False
Is 328281028367 a composite number?
False
Is 73408859 a composite number?
False
Is 3053021 a composite number?
False
Is 2369516621 composite?
False
Is 3977336117 a composite number?
False
Is 241502699777 prime?
True
Is 293671759 prime?
True
Is 972823207 composite?
False
Is 44184620621 a composite number?
True
Is 198094291 a prime number?
True
Is 92374837007 prime?
True
Is 5733246